{"id":135,"date":"2018-06-28T18:26:56","date_gmt":"2018-06-28T18:26:56","guid":{"rendered":"http:\/\/haraldschmidt.de\/?page_id=135"},"modified":"2018-06-28T19:34:06","modified_gmt":"2018-06-28T19:34:06","slug":"datenschutzerklaerung","status":"publish","type":"page","link":"https:\/\/haraldschmidt.de\/?page_id=135","title":{"rendered":"Datenschutzerkl\u00e4rung"},"content":{"rendered":"<h2>Betreiber der Webseite<\/h2>\n<p>Die Adresse unserer Website ist: http:\/\/haraldschmidt.de.<\/p>\n<h2>Welche personenbezogenen Daten wir sammeln und warum wir sie sammeln<\/h2>\n<h3>Cookies<\/h3>\n<p>Es werden einige Cookies einrichtet, um Ihre Anmeldeinformationen und Anzeigeoptionen zu speichern. Anmelde-Cookies verfallen nach zwei Tagen und Cookies f\u00fcr die Anzeigeoptionen nach einem Jahr. Falls Sie bei der Anmeldung \u201eAngemeldet bleiben\u201c ausw\u00e4hlst, wird Ihre Anmeldung zwei Wochen lang aufrechterhalten. Mit der Abmeldung aus Ihrem Konto werden die Anmelde-Cookies gel\u00f6scht.<\/p>\n<h3>Eingebettete Inhalte von anderen Websites<\/h3>\n<p>Wir verwenden auf unseren Internetseiten Google Maps-Dienste, um geographische Informationen darstellen zu k\u00f6nnen (z. Bsp. Landkarten mit Kontaktinformationen). Google Maps ist ein Kartendienst, der von Google Inc., 1600 Amphitheatre Parkway, Mountain View, CA 94043, USA betrieben wird.<\/p>\n<p>Bei der Nutzung von Google Maps werden von Google Daten \u00fcber die Nutzung der Google Maps-Funktionen durch Sie, einschlie\u00dflich Ihrer IP-Adresse, erhoben und an einen Server von Google in den USA \u00fcbertragen und dort gespeichert.<\/p>\n<p>Sie haben die M\u00f6glichkeit, den Service von Google Maps zu deaktivieren und somit den Datentransfer an Google zu verhindern, indem Sie das JavaScript in Ihrem Browser deaktivieren.<\/p>\n<p>Wir weisen Sie allerdings darauf hin, dass Sie in diesem Fall die Kartenanzeigen nicht nutzen k\u00f6nnen.<\/p>\n<p>Weitere Informationen zu den Nutzungsbedingungen von Google Maps und der Datenverarbeitung durch Google erfahren Sie auf den Internetseiten von Google unter anderem \u00fcber die folgenden Links:<\/p>\n<ul>\n<li><a href=\"http:\/\/www.google.com\/intl\/de_de\/help\/terms_maps.html\" target=\"_blank\" rel=\"noopener\">http:\/\/www.google.com\/intl\/de_de\/help\/terms_maps.html<\/a><\/li>\n<li><a href=\"http:\/\/www.google.com\/privacypolicy.html\" target=\"_blank\" rel=\"noopener\">www.google.com\/privacypolicy.html<\/a><\/li>\n<\/ul>\n<h3>Analysedienste<\/h3>\n<p>Wir nutzen auf unseren Internetseiten Google Analytics, einen Webanalysedienst der Google Inc. mit Sitz in 1600 Amphitheatre Parkway, Mountain View, Kalifornien, USA (\u201eGoogle\u201c). Google Analytics verwendet Cookies die auf Ihrem Computer gespeichert werden und die eine Analyse der Benutzung der Website durch Sie erm\u00f6glichen (Siehe dazu auch \u201cVerwendung von Cookies\u201d).<\/p>\n<p>Die durch den Cookie erzeugten Informationen \u00fcber Ihre Benutzung dieser Internetseiten werden in der Regel an einen Server von Google in den USA \u00fcbertragen und dort gespeichert.<\/p>\n<p>Auf dieser Internetseite wurde die IP-Anonymisierung aktiviert, so dass Ihre IP-Adresse von Google innerhalb von Mitgliedstaaten der Europ\u00e4ischen Union oder in anderen Vertragsstaaten des Abkommens \u00fcber den Europ\u00e4ischen Wirtschaftsraum zuvor gek\u00fcrzt wird. Nur in Ausnahmef\u00e4llen wird die volle IP-Adresse an einen Server von Google in den USA \u00fcbertragen und dort gek\u00fcrzt.<\/p>\n<p>Die im Rahmen von Google Analytics von Ihrem Browser \u00fcbermittelte gek\u00fcrzte IP-Adresse wird nicht mit anderen Daten von Google zusammengef\u00fchrt.<\/p>\n<p>Im Rahmen der Vereinbarung zur Auftragsdatenverarbeitung, welche die Internetseitenbetreiber mit der Google Inc. geschlossen haben, erstellt diese mit Hilfe der gesammelten Informationen eine Auswertung der Internetseitennutzung und der Internetseitenaktivit\u00e4t und erbringt mit der Internetnutzung verbundene Dienstleistungen.<\/p>\n<p>Sie k\u00f6nnen die Speicherung der Google Cookies auf Ihrer Festplatte verhindern, indem Sie in den Browser-Einstellungen keine Cookies akzeptieren. Sie k\u00f6nnen aber in diesem Fall gegebenenfalls nicht s\u00e4mtliche Funktionen dieser Internetseite vollumf\u00e4nglich nutzen.<\/p>\n<p>Sie k\u00f6nnen dar\u00fcber hinaus die Erfassung der durch das Cookie erzeugten und auf Ihre Nutzung der Internetseiten bezogenen Daten (inkl. Ihrer IP-Adresse) an Google sowie die Verarbeitung dieser Daten durch Google verhindern, indem Sie das unter dem folgenden Link verf\u00fcgbare Browser-Plugin zur Deaktivierung von Google Analytics herunterladen und installieren.<\/p>\n<p>Der Link lautet: <a href=\"http:\/\/tools.google.com\/dlpage\/gaoptout?hl=de\" target=\"_blank\" rel=\"noopener\">http:\/\/tools.google.com\/dlpage\/gaoptout?hl=de<\/a>.<\/p>\n<p>Weitere Informationen zur Datennutzung zu Werbezwecken durch Google, Einstellungs- und Widerspruchsm\u00f6glichkeiten erfahren Sie auf den Internetseiten von Google.<\/p>\n<p>Beispielsweise unter:<\/p>\n<ul>\n<li><a href=\"https:\/\/www.google.com\/intl\/de\/policies\/privacy\/partners\/\" target=\"_blank\" rel=\"noopener\">https:\/\/www.google.com\/intl\/de\/policies\/privacy\/partners\/<\/a><\/li>\n<li><a href=\"http:\/\/www.google.com\/policies\/technologies\/ads\" target=\"_blank\" rel=\"noopener\">http:\/\/www.google.com\/policies\/technologies\/ads<\/a><\/li>\n<li><a href=\"https:\/\/www.google.com\/settings\/u\/0\/ads\/authenticated?hl=de\" target=\"_blank\" rel=\"noopener\">https:\/\/www.google.com\/settings\/u\/0\/ads\/authenticated?hl=de<\/a><\/li>\n<\/ul>\n<h2>Weitergabe v<b>o<\/b>n Daten<\/h2>\n<p>Standardm\u00e4\u00dfig teilt WordPress keinerlei personenbezogene Daten mit Dritten.<\/p>\n<h2>Datenspeicherung<\/h2>\n<p>Wenn du einen Kommentar schreibst, wird dieser inklusive Metadaten zeitlich unbegrenzt gespeichert. Auf diese Art k\u00f6nnen wir Folgekommentare automatisch erkennen und freigeben, anstelle sie in einer Moderations-Warteschlange festzuhalten.<\/p>\n<p>F\u00fcr Benutzer, die sich auf unserer Website registrieren, speichern wir zus\u00e4tzlich die pers\u00f6nlichen Informationen, die sie in ihren Benutzerprofilen angeben. Alle Benutzer k\u00f6nnen jederzeit ihre pers\u00f6nlichen Informationen einsehen, ver\u00e4ndern oder l\u00f6schen (der Benutzername kann nicht ver\u00e4ndert werden). Administratoren der Website k\u00f6nnen diese Informationen ebenfalls einsehen und ver\u00e4ndern.<\/p>\n<h2>Rechte an Daten<\/h2>\n<p>Wenn du ein Konto auf dieser Website besitzt oder Kommentare geschrieben hast, kannst du einen Export deiner personenbezogenen Daten bei uns anfordern, inklusive aller Daten, die du uns mitgeteilt hast. Dar\u00fcber hinaus kannst du die L\u00f6schung aller personenbezogenen Daten, die wir von dir gespeichert haben, anfordern. Dies umfasst nicht die Daten, die wir aufgrund administrativer, rechtlicher oder sicherheitsrelevanter Notwendigkeiten aufbewahren m\u00fcssen.<\/p>\n<h2>Datenerhebung<\/h2>\n<p>Besucher-Kommentare k\u00f6nnten von einem automatisierten Dienst zur Spam-Erkennung untersucht werden.<\/p>\n<p>Der Provider der Seiten erhebt und speichert automatisch Informationen in so genannten Server-Log-Dateien, die Ihr Browser automatisch an uns \u00fcbermittelt. Dies sind:<\/p>\n<p>&gt;Browsertyp und Browserversion<br \/>\n&gt;verwendetes Betriebssystem<br \/>\n&gt;Referrer URL<br \/>\n&gt;Hostname des zugreifenden Rechners<br \/>\n&gt;Uhrzeit der Serveranfrage<br \/>\n&gt;IP-Adresse<\/p>\n<p>Eine Zusammenf\u00fchrung dieser Daten mit anderen Datenquellen wird nicht vorgenommen.<\/p>\n<p>Grundlage f\u00fcr die Datenverarbeitung ist Art. 6 Abs. 1 lit. f DSGVO, der die Verarbeitung von Daten zur Erf\u00fcllung eines Vertrags oder vorvertraglicher Ma\u00dfnahmen gestattet.<\/p>\n<h2>Kontakt-Informationen<\/h2>\n<p>Harald Schmidt<\/p>\n<p><a href=\"mailto:haraldwebschmidt@web.de\">haraldwebschmidt@web.de<\/a><\/p>\n<h2><b>Kontakt des Datenschutzbeauftragten<\/b><\/h2>\n<p>Bei Fragen hinsichtlich der Erhebung und Verarbeitung Ihrer personenbezogenen Daten wenden Sie sich bitte an unseren Datenschutzbeauftragten:<\/p>\n<p>Harald Schmidt<\/p>\n<p><a href=\"mailto:haraldwebschmidt@web.de\">haraldwebschmidt@web.de<\/a><\/p>\n<p>Dar\u00fcber hinaus k\u00f6nnen Sie sich bei Bedarf jederzeit beim Landesbeauftragten f\u00fcr den Datenschutz und die Informationsfreiheit des Landes Baden-W\u00fcrttemberg (Deutschland) (https:\/\/www.baden-wuerttemberg.datenschutz.de\/online-beschwerde) beschweren.<\/p>\n","protected":false},"excerpt":{"rendered":"<p>Betreiber der Webseite Die Adresse unserer Website ist: http:\/\/haraldschmidt.de. Welche personenbezogenen Daten wir sammeln und warum wir sie sammeln Cookies Es werden einige Cookies einrichtet, um Ihre Anmeldeinformationen und Anzeigeoptionen zu speichern. Anmelde-Cookies verfallen nach zwei Tagen und Cookies f\u00fcr die Anzeigeoptionen nach einem Jahr. Falls Sie bei der Anmeldung \u201eAngemeldet bleiben\u201c ausw\u00e4hlst, wird Ihre [&hellip;]<\/p>\n","protected":false},"author":1,"featured_media":0,"parent":0,"menu_order":0,"comment_status":"closed","ping_status":"closed","template":"","meta":{"footnotes":""},"class_list":["post-135","page","type-page","status-publish","hentry","post"],"_links":{"self":[{"href":"https:\/\/haraldschmidt.de\/index.php?rest_route=\/wp\/v2\/pages\/135","targetHints":{"allow":["GET"]}}],"collection":[{"href":"https:\/\/haraldschmidt.de\/index.php?rest_route=\/wp\/v2\/pages"}],"about":[{"href":"https:\/\/haraldschmidt.de\/index.php?rest_route=\/wp\/v2\/types\/page"}],"author":[{"embeddable":true,"href":"https:\/\/haraldschmidt.de\/index.php?rest_route=\/wp\/v2\/users\/1"}],"replies":[{"embeddable":true,"href":"https:\/\/haraldschmidt.de\/index.php?rest_route=%2Fwp%2Fv2%2Fcomments&post=135"}],"version-history":[{"count":6,"href":"https:\/\/haraldschmidt.de\/index.php?rest_route=\/wp\/v2\/pages\/135\/revisions"}],"predecessor-version":[{"id":142,"href":"https:\/\/haraldschmidt.de\/index.php?rest_route=\/wp\/v2\/pages\/135\/revisions\/142"}],"wp:attachment":[{"href":"https:\/\/haraldschmidt.de\/index.php?rest_route=%2Fwp%2Fv2%2Fmedia&parent=135"}],"curies":[{"name":"wp","href":"https:\/\/api.w.org\/{rel}","templated":true}]}}